{"id":69,"date":"2024-07-26T22:27:41","date_gmt":"2024-07-27T01:27:41","guid":{"rendered":"http:\/\/mairi.ufba.br\/?page_id=69"},"modified":"2025-07-27T23:56:26","modified_gmt":"2025-07-28T02:56:26","slug":"usando-o-cliente-web","status":"publish","type":"page","link":"https:\/\/mailx.ufba.br\/?page_id=69","title":{"rendered":"Usando o Cliente Web"},"content":{"rendered":"\r\n<div class=\"is-layout-flex wp-container-core-columns-is-layout-9d6595d7 wp-block-columns-is-layout-flex\">\r\n<div>\r\n\r\n<p id=\"1\" class=\"texto-secao\"><strong>DESCRI\u00c7\u00c3O DA P\u00c1GINA DO CLIENTE WEB<\/strong><\/p>\r\n<p><strong>Abas de Aplica\u00e7\u00e3o:<\/strong>\u00a0As aplica\u00e7\u00f5es dispon\u00edveis para seu acesso est\u00e3o ao topo da tela. Clique na aba para abrir a aplica\u00e7\u00e3o. \u00c0 direita das abas est\u00e3o os links Ajuda e Sair.<\/p>\r\n<p><strong>Barra de Ferramentas:<\/strong>\u00a0Mostra a\u00e7\u00f5es dispon\u00edveis para a aplica\u00e7\u00e3o que estamos utilizando no momento. Neste exemplo, \u00e9 exibida a barra de ferramentas da aplica\u00e7\u00e3o E-mail.<\/p>\r\n<p><strong>Campo de Busca:<\/strong>\u00a0Pode digitar uma palavra no campo de busca para realizar uma busca r\u00e1pida na Caixa de Entrada.<\/p>\r\n<p><strong>Painel Geral:<\/strong>\u00a0Exibe as pastas necess\u00e1rias para a aplica\u00e7\u00e3o que estivermos utilizando. Quando estivermos na aplica\u00e7\u00e3o E-mail, o Painel geral exibe pastas de sistema (Caixa de Entrada, Bate Papos, Enviados, Rascunhos, Spam e Lixeira), assim como qualquer pasta que tivermos criado, buscas salvas, marcadores criados e Zimlets que podem ter sido disponibilizados em sua caixa de e-mails.<\/p>\r\n<p><strong>Mini Agenda:<\/strong>\u00a0\u00c9 exibida abaixo do Painel geral.<\/p>\r\n<p><strong>Painel de Conte\u00fado:<\/strong>\u00a0O conte\u00fado desta \u00e1rea muda dependendo da aplica\u00e7\u00e3o que estiver em uso.<\/p>\r\n\r\n\r\n\r\n<p>Todas as mensagens ou conversa\u00e7\u00f5es s\u00e3o exibidas em sua Caixa de entrada.<\/p>\r\n<\/div>\r\n<\/div>\r\n<!-- \/wp:post-content -->\r\n\r\n<!-- wp:paragraph -->\r\n<p id=\"2\" class=\"texto-secao\"><strong>USANDO PASTAS DE SISTEMA DO EMAIL<\/strong><\/p>\r\n<!-- \/wp:paragraph -->\r\n\r\n<!-- wp:paragraph -->\r\n<p>As pastas de sistema s\u00e3o Caixa de Entrada, Bate Papos, Enviadas, Rascunhos, Spam e Lixeira.<\/p>\r\n<!-- \/wp:paragraph -->\r\n\r\n<!-- wp:paragraph -->\r\n<p>N\u00e3o podemos mover, renomear ou apagar estas pastas. As pastas de sistema s\u00e3o sempre exibidas ao topo de sua lista de pastas, seguidas por quaisquer pastas que criarmos.<\/p>\r\n<!-- \/wp:paragraph -->\r\n\r\n<!-- wp:paragraph -->\r\n<p><strong>Caixa de Entrada:<\/strong>\u00a0Novos e-mails chegam em sua caixa de entrada. Por padr\u00e3o, sua Caixa de Entrada \u00e9 exibida assim que efetuarmos login.<\/p>\r\n<!-- \/wp:paragraph -->\r\n\r\n<!-- wp:paragraph -->\r\n<p><strong>Bate Papos:<\/strong>\u00a0Sistema de troca de mensagens instant\u00e2neas em tempo real.<\/p>\r\n<!-- \/wp:paragraph -->\r\n\r\n<!-- wp:paragraph -->\r\n<p><strong>Enviadas:<\/strong>\u00a0Uma c\u00f3pia de cada mensagem que enviarmos \u00e9 salvo em sua pasta Enviado.<\/p>\r\n<!-- \/wp:paragraph -->\r\n\r\n<!-- wp:paragraph -->\r\n<p><strong>Rascunhos:<\/strong>\u00a0As mensagens que tivermos composto, mas n\u00e3o tivermos enviado, podem ser salvas na pasta Rascunhos. Se abrirmos uma mensagem que esteja na pasta Rascunhos, ela ser\u00e1 aberta na tela de composi\u00e7\u00e3o da mensagem.<\/p>\r\n<!-- \/wp:paragraph -->\r\n\r\n<!-- wp:paragraph -->\r\n<p><strong>Spam:<\/strong>\u00a0As mensagens que o sistema AntiSpam identifica como poss\u00edvel lixo eletr\u00f4nico s\u00e3o movidas para a pasta Spam. Pode revisar estas mensagens e tamb\u00e9m mov\u00ea-las ou apag\u00e1-las. Se n\u00e3o apag\u00e1-las, elas ser\u00e3o exclu\u00eddas permanentemente ap\u00f3s o per\u00edodo especificado pelo seu administrador.<\/p>\r\n<!-- \/wp:paragraph -->\r\n\r\n<!-- wp:paragraph -->\r\n<p><strong>Lixeira:<\/strong>\u00a0Os itens apagados est\u00e3o localizados na pasta Lixeira e l\u00e1 permanecem at\u00e9 que voc\u00ea a esvazie manualmente ou at\u00e9 que a pasta seja esvaziada automaticamente.<\/p>\r\n<!-- \/wp:paragraph -->\r\n\r\n<!-- wp:paragraph -->\r\n<p id=\"3\" class=\"texto-secao\"><strong>SALVANDO SEU TRABALHO<\/strong><\/p>\r\n<!-- \/wp:paragraph -->\r\n\r\n<!-- wp:paragraph -->\r\n<p>Nem sempre \u00e9 poss\u00edvel ao Cliente Web detectar quando voc\u00ea fez alguma coisa que pudesse querer salvar.<\/p>\r\n<!-- \/wp:paragraph -->\r\n\r\n<!-- wp:paragraph -->\r\n<p>No ufbam@il, as seguintes regras s\u00e3o aplicadas:<\/p>\r\n<!-- \/wp:paragraph -->\r\n\r\n<!-- wp:list -->\r\n<ul class=\"wp-block-list\"><!-- wp:list-item -->\r\n<li>Se estivermos no meio da composi\u00e7\u00e3o de uma mensagem de e-mail e clicarmos em outra parte da janela, sua mensagem ser\u00e1 salva. Podemos encontrar sua mensagem posteriormente na pasta Rascunhos.<\/li>\r\n<!-- \/wp:list-item -->\r\n\r\n<!-- wp:list-item -->\r\n<li>Se usarmos o bot\u00e3o Voltar de seu navegador (ao inv\u00e9s do bot\u00e3o Sair de seu Cliente Web), ou se usarmos a mesma janela para navegarmos em outro site, n\u00e3o ser\u00e1 induzido a salvar seu trabalho.<\/li>\r\n<!-- \/wp:list-item --><\/ul>\r\n<!-- \/wp:list -->\r\n\r\n<!-- wp:paragraph -->\r\n<p id=\"4\" class=\"texto-secao\"><strong>CONFIGURANDO SUAS PREFER\u00caNCIAS<\/strong><\/p>\r\n<!-- \/wp:paragraph -->\r\n\r\n<!-- wp:paragraph -->\r\n<p>Suas prefer\u00eancias padr\u00f5es s\u00e3o configuradas quando sua conta \u00e9 criada. Estas op\u00e7\u00f5es definem como sua caixa de e alterar estas configura\u00e7\u00f5es na aba Prefer\u00eancias.<\/p>\r\n<!-- \/wp:paragraph -->\r\n\r\n<!-- wp:paragraph -->\r\n<p id=\"41\" class=\"texto-secao\"><strong>CONFIGURANDO SUA IDENTIDADE DE E-MAIL<\/strong><\/p>\r\n<!-- \/wp:paragraph -->\r\n\r\n<!-- wp:paragraph -->\r\n<p>Uma Identidade de E-mail \u00e9 o nome e o endere\u00e7o de e-mail usado em sua correspond\u00eancia de e-mail. Ter m\u00faltiplas identidades de e-mail pode ajuda-lo a gerenciar diferentes pap\u00e9is em seu trabalho e sua vida pessoal de uma \u00fanica conta de e-mail.<\/p>\r\n<!-- \/wp:paragraph -->\r\n\r\n<!-- wp:paragraph -->\r\n<p>Se configurarmos sua conta de e-mail para receber e-mails de outras contas, podemos configurar identidades de e-mail para ter certeza que sua resposta ser\u00e1 enviada para o e-mail correto.<\/p>\r\n<!-- \/wp:paragraph -->\r\n\r\n<!-- wp:paragraph -->\r\n<p>Cada Identidade de E-mail tem um \u201cResponder para\u201d e um endere\u00e7o de e-mail.<\/p>\r\n<!-- \/wp:paragraph -->\r\n\r\n<!-- wp:paragraph -->\r\n<p>Tamb\u00e9m podemos configurar seu Cliente Web para usar uma identidade espec\u00edfica quando for responder a uma mensagem enviada para um dos contatos da sua lista de endere\u00e7os ou quando for responder uma mensagem em uma pasta nomeada.<\/p>\r\n<!-- \/wp:paragraph -->\r\n\r\n<!-- wp:paragraph -->\r\n<p id=\"5\" class=\"texto-secao\"><strong>ACESSANDO O ASSISTENTE DE AJUDA ON-LINE<\/strong><\/p>\r\n<!-- \/wp:paragraph -->\r\n\r\n<!-- wp:paragraph -->\r\n<p>Podemos acessar a Ajuda para obter informa\u00e7\u00f5es enquanto estivermos trabalhando no Cliente Web. A Ajuda est\u00e1 localizada no canto superior direito do Cliente Web, pr\u00f3ximo de Sair.<\/p>\r\n<!-- \/wp:paragraph -->","protected":false},"excerpt":{"rendered":"<p>DESCRI\u00c7\u00c3O DA P\u00c1GINA DO CLIENTE WEB Abas de Aplica\u00e7\u00e3o:\u00a0As aplica\u00e7\u00f5es dispon\u00edveis para seu acesso est\u00e3o ao topo da tela. Clique na aba para abrir a aplica\u00e7\u00e3o. \u00c0 direita das abas est\u00e3o os links Ajuda e Sair. Barra de Ferramentas:\u00a0Mostra a\u00e7\u00f5es dispon\u00edveis para a aplica\u00e7\u00e3o que estamos utilizando no momento. Neste exemplo, \u00e9 exibida a barra [&hellip;]<\/p>\n","protected":false},"author":1,"featured_media":0,"parent":0,"menu_order":0,"comment_status":"closed","ping_status":"closed","template":"","meta":{"footnotes":""},"class_list":["post-69","page","type-page","status-publish","hentry"],"_links":{"self":[{"href":"https:\/\/mailx.ufba.br\/index.php?rest_route=\/wp\/v2\/pages\/69","targetHints":{"allow":["GET"]}}],"collection":[{"href":"https:\/\/mailx.ufba.br\/index.php?rest_route=\/wp\/v2\/pages"}],"about":[{"href":"https:\/\/mailx.ufba.br\/index.php?rest_route=\/wp\/v2\/types\/page"}],"author":[{"embeddable":true,"href":"https:\/\/mailx.ufba.br\/index.php?rest_route=\/wp\/v2\/users\/1"}],"replies":[{"embeddable":true,"href":"https:\/\/mailx.ufba.br\/index.php?rest_route=%2Fwp%2Fv2%2Fcomments&post=69"}],"version-history":[{"count":9,"href":"https:\/\/mailx.ufba.br\/index.php?rest_route=\/wp\/v2\/pages\/69\/revisions"}],"predecessor-version":[{"id":845,"href":"https:\/\/mailx.ufba.br\/index.php?rest_route=\/wp\/v2\/pages\/69\/revisions\/845"}],"wp:attachment":[{"href":"https:\/\/mailx.ufba.br\/index.php?rest_route=%2Fwp%2Fv2%2Fmedia&parent=69"}],"curies":[{"name":"wp","href":"https:\/\/api.w.org\/{rel}","templated":true}]}}