{"id":81,"date":"2024-07-26T22:28:51","date_gmt":"2024-07-27T01:28:51","guid":{"rendered":"http:\/\/mairi.ufba.br\/?page_id=81"},"modified":"2025-07-28T00:02:00","modified_gmt":"2025-07-28T03:02:00","slug":"buscando-itens","status":"publish","type":"page","link":"https:\/\/mailx.ufba.br\/?page_id=81","title":{"rendered":"Buscando Itens"},"content":{"rendered":"\r\n\r\n\r\n<p id=\"1\" class=\"texto-secao\"><strong>Buscando mensagens<\/strong><\/p>\r\n\r\n\r\n\r\n<p>Se estivermos familiarizados com os recursos de buscas de correspond\u00eancia de textos ou processamentos de palavras, tal como o recurso Localizar\/Substituir no Microsoft Word, observe que a busca de conte\u00fado no Cliente Web \u00e9 ligeiramente diferente de uma busca literal de correspond\u00eancia de termos.<\/p>\r\n\r\n\r\n\r\n<p>A sintaxe de busca do ufbam@il trabalha como segue:<\/p>\r\n\r\n\r\n\r\n<ul class=\"wp-block-list\">\r\n<li>Podemos buscar por frases, mas cada palavra dentro desta frase \u00e9 correspondida literalmente apenas pela palavra inteira. Variantes ortogr\u00e1ficas n\u00e3o s\u00e3o permitidas. Por exemplo, se buscarmos por casas, mensagens com casa n\u00e3o formam uma correspond\u00eancia. Podemos buscar por um nome de dom\u00ednio incluindo o ponto (.).<\/li>\r\n\r\n\r\n\r\n<li>A busca n\u00e3o \u00e9 case sensitive; Reuni\u00e3o, reuni\u00e3o, e REUNI\u00c3O s\u00e3o exatamente a mesma coisa.<\/li>\r\n\r\n\r\n\r\n<li>Estes caracteres especiais n\u00e3o podem ser usados em seu texto de busca. ~ &#8216; ! @ # $ % ^ &amp; * () _- + ? \/ { }[ ] ; : &#8220;<\/li>\r\n\r\n\r\n\r\n<li>Os caracteres seguintes s\u00e3o permitidos em um par\u00e2metro de busca contanto que eles n\u00e3o sejam o primeiro caractere: &#8211; + &lt; &gt;<\/li>\r\n\r\n\r\n\r\n<li>\u00c9 permitido o uso do asterisco (*) como caractere-curinga nas buscas, para casos nos quais queiramos buscar resultados utilizando fragmentos de palavras. Ou seja, ao buscar por ca* a busca retornar\u00e1 resultados contendo palavras como cachorro, casa, cama, etc.<\/li>\r\n\r\n\r\n\r\n<li>A busca por conte\u00fado ir\u00e1 buscar no corpo da mensagem e em qualquer anexo que ela possa ter desde que este anexo seja leg\u00edvel pelo sistema. Um anexo leg\u00edvel pelo sistema \u00e9 um tipo de arquivo que pode ser convertido para texto HTML. Estes incluem documento do Microsoft Office (Word, PowerPoint ou Excel), assim como arquivos de texto, mas n\u00e3o arquivos de imagem ou de \u00e1udio.<\/li>\r\n<\/ul>\r\n","protected":false},"excerpt":{"rendered":"<p>Buscando mensagens Se estivermos familiarizados com os recursos de buscas de correspond\u00eancia de textos ou processamentos de palavras, tal como o recurso Localizar\/Substituir no Microsoft Word, observe que a busca de conte\u00fado no Cliente Web \u00e9 ligeiramente diferente de uma busca literal de correspond\u00eancia de termos. A sintaxe de busca do ufbam@il trabalha como segue:<\/p>\n","protected":false},"author":1,"featured_media":0,"parent":0,"menu_order":0,"comment_status":"closed","ping_status":"closed","template":"","meta":{"footnotes":""},"class_list":["post-81","page","type-page","status-publish","hentry"],"_links":{"self":[{"href":"https:\/\/mailx.ufba.br\/index.php?rest_route=\/wp\/v2\/pages\/81","targetHints":{"allow":["GET"]}}],"collection":[{"href":"https:\/\/mailx.ufba.br\/index.php?rest_route=\/wp\/v2\/pages"}],"about":[{"href":"https:\/\/mailx.ufba.br\/index.php?rest_route=\/wp\/v2\/types\/page"}],"author":[{"embeddable":true,"href":"https:\/\/mailx.ufba.br\/index.php?rest_route=\/wp\/v2\/users\/1"}],"replies":[{"embeddable":true,"href":"https:\/\/mailx.ufba.br\/index.php?rest_route=%2Fwp%2Fv2%2Fcomments&post=81"}],"version-history":[{"count":7,"href":"https:\/\/mailx.ufba.br\/index.php?rest_route=\/wp\/v2\/pages\/81\/revisions"}],"predecessor-version":[{"id":851,"href":"https:\/\/mailx.ufba.br\/index.php?rest_route=\/wp\/v2\/pages\/81\/revisions\/851"}],"wp:attachment":[{"href":"https:\/\/mailx.ufba.br\/index.php?rest_route=%2Fwp%2Fv2%2Fmedia&parent=81"}],"curies":[{"name":"wp","href":"https:\/\/api.w.org\/{rel}","templated":true}]}}